 67 = 3*l. What are the prime factors of l?
2, 3
Let j(r) = -2*r**3 - 2*r**2 + r + 20. Let l(b) = b**3 - b - 11. Let c(p) = -3*j(p) - 5*l(p). Suppose -y = -0*y + 5. List the prime factors of c(y).
2, 5
Suppose -d + 4*d = -12. Let r(q) = -q**2 - 10*q - 4. Let i be r(d). Suppose 0 = -i*p + 17*p + 321. What are the prime factors of p?
107
Let s = 132 - 382. Let i = -40 + s. List the prime factors of -18*(i/40 - (-2)/(-8)).
3, 5
Let o(h) = -10790*h + 15307. What are the prime factors of o(-5)?
69257
Let r(i) = 6*i + 52. Let s be r(-8). Suppose -5*p - 12 = -p, -g + 712 = -s*p. List the prime factors of g.
2, 5, 7
Suppose 0 = -45*r + 54*r - 27. Suppose -5*a = 2*x - 557, -2*a + 912 = r*x + 93. List the prime factors of x.
271
Let g(t) = 925*t + 35. Let v be g(7). What are the prime factors of (-12)/(72/v)*-1?
5, 7, 31
Suppose -3*n - 15*n + 30880 = 2*n. List the prime factors of n.
2, 193
What are the prime factors of (16/(-7))/(76/(-525882))?
2, 3, 659
Let a(x) = -x**3 - 40*x**2 + 48*x - 50. List the prime factors of a(-42).
2, 17, 43
Suppose 20 = -5*f + 6*u - 2*u, 4*f = 3*u - 15. Suppose f = 3*h, 2*q - 2*h = q + 4. List the prime factors of q.
2
Let g(z) = -21*z + 109. Let j be g(5). List the prime factors of (138/9)/(j/198).
3, 11, 23
Suppose -5*s + 3*y = -19834 + 3147, -10013 = -3*s + 2*y. What are the prime factors of s?
5, 23, 29
Let b = 194 + -65. Suppose 5*a = -i + b, -5*a - 3*i - 46 = -173. What are the prime factors of a?
2, 13
Let u be ((16/10)/1)/((-12)/(-30)). Suppose -2*z + x + 14 = -14, -u*x - 67 = -5*z. Suppose 2*o + z - 357 = 0. List the prime factors of o.
3, 19
Let p(b) = 38*b**3 - 6*b. Let r be p(-2). What are the prime factors of (-6)/7*(-9 + r)?
2, 3, 43
Suppose 2*w = -2*x + 14936, -72*w + 73*w + 4*x = 7474. What are the prime factors of w?
2, 3733
Let i(y) = y**3 - 17*y**2 + 33*y - 371. List the prime factors of i(19).
2, 3, 163
Suppose -22*t + x = -26*t + 3081, -4*t = -2*x - 3102. List the prime factors of t.
2, 193
Suppose 0 = -51*z - 34400 + 119060. What are the prime factors of z?
2, 5, 83
Let q(f) = f**3 + 11*f**2 + 5*f + 9. Let n(y) = -2*y. Let u be n(-2). Suppose -a - 4 - u = 0. What are the prime factors of q(a)?
7, 23
Suppose -10*k + 5141 = -23059. Suppose 5*q + k = 5*z, -3*z - 62*q + 63*q + 1698 = 0. List the prime factors of z.
3, 7
Let x(g) be the first derivative of g**4/12 + 7*g**3/6 + 8*g**2 + 16*g + 3. Let l(y) be the first derivative of x(y). List the prime factors of l(-12).
2, 19
Suppose -316*w + 222713 = -2996797 - 5079914. List the prime factors of w.
2, 7, 67
Let g(q) = -q**2 + 17*q - 55. Let r be g(13). List the prime factors of 2/r*(-12069)/18*1.
3, 149
Let z(h) = 2*h - 10. Let r be z(5). Suppose 10*p + 4 - 104 = r. Suppose g = p*g - 423. List the prime factors of g.
47
Let d = -572 - -573. What are the prime factors of (-1453)/(-2) - (d - (-30)/(-12))?
2, 7, 13
Suppose 16 + 20 = 4*a. Let l(p) = 60*p**2 + 1. Let t be l(1). Let s = a + t. List the prime factors of s.
2, 5, 7
Suppose 0 = 6*z + 116 + 82. Let s = z + 23. Let l(t) = t**3 + 9*t**2 - 23*t + 6. What are the prime factors of l(s)?
2, 17
Suppose 0 = -2100*j + 2098*j + 698. What are the prime factors of j?
349
Suppose 4*q = -5*i + 237, 4*q - 3*i - 234 = -5*i. Let j = -54 + q. Suppose 0 = -u + 2*k + 52, 0 = -2*u + j*k - k + 105. List the prime factors of u.
2, 3
Let o(f) = 5*f**2 - 48*f + 5. Let i be o(16). Suppose -490 = -m + i. List the prime factors of m.
19, 53
Let q(t) = -t**3 - 21*t**2 - 21*t - 23. Let x be q(-20). Let k be (0 - x)*131/3. Suppose 0 = -b + 5*g + k, -b - 2*g + 427 = 2*b. List the prime factors of b.
3, 47
Let h(r) = 38 + 449 + 460 + 5*r. List the prime factors of h(0).
947
Let p = 291 + -282. Suppose 0 = s - 3*j - 645, 1 - p = 2*j. What are the prime factors of s?
3, 211
Suppose 105506 = 4*k - 2*x, -23*k = -19*k + x - 105509. What are the prime factors of k?
13, 2029
List the prime factors of 16/(-36) + (-278544)/(-27) + (9 - 5).
2, 3, 5, 43
Suppose -3*u - 3*y = -21627, -u - 2*y = 4*y - 7229. List the prime factors of u.
5, 11, 131
Suppose -13*d = -109675 - 41433 - 61130. List the prime factors of d.
2, 3, 907
Suppose 17*f - 125797 = 360641. List the prime factors of f.
2, 3, 19, 251
Let g = -66 + 108. Let u be ((-6)/14)/((-6)/g). Suppose 0 = q + d - 256, -11*q + 1023 = -7*q + u*d. List the prime factors of q.
3, 5, 17
Suppose 7*x - 8*x + 15 = 0. Suppose 7 = -4*p + x. Suppose -4*d = -8, -p*z = z - 4*d - 403. What are the prime factors of z?
137
Let a = 43735 - 25011. List the prime factors of a.
2, 31, 151
Let u be 0*((-18)/24)/(-3). Suppose -4*f + 5*d - 2*d + 907 = u, 0 = 2*f + 2*d - 436. What are the prime factors of f?
223
Suppose d - 8770 = -3*h, -670*d + 668*d + 17550 = 4*h. What are the prime factors of d?
5, 7, 251
Let n(j) = -j**2 - 6*j - 2. Let s be n(-5). Let t be (63/(-12))/(36/144). Let o = s - t. What are the prime factors of o?
2, 3
Let c(y) = 5781*y**2 + 27*y - 27. Let m be c(1). List the prime factors of 76/(-3)*m/(-164).
19, 47
Let d = -47 - -51. Suppose b - 3*h + 6*h + 81 = 0, -d*h - 223 = 3*b. Let p = 174 + b. List the prime factors of p.
3, 5, 7
Let z = -11 + 11. List the prime factors of 566 + z/(-1) + 1.
3, 7
Suppose -12*o - 124440 = -3*p - 14*o, 0 = -p + o + 41485. What are the prime factors of p?
2, 7, 2963
Let p(t) = -t**2 + 18*t - 5 - 11 + 0. Let b be p(8). Suppose 0*z + b = 8*z. What are the prime factors of z?
2
Suppose 0 = h + 3*f - 1572 - 401, -2*h = -2*f - 3986. What are the prime factors of h?
2, 7, 71
Let o be (-16)/(-6)*28/32*-6. Let m(z) = -z**3 - 13*z**2 + 14*z + 2. Let j be m(o). What are the prime factors of (-37 + 5)*4*(-3)/j?
2, 3
Let f = 309 - 320. Let a(u) = -62*u - 26. List the prime factors of a(f).
2, 41
Suppose -4*y + 8 = -8*y, 5*y - 18224 = -3*u. Suppose 4*q - 2*z = u, 24*q - 2*z - 7597 = 19*q. List the prime factors of q.
7, 31
Suppose 0 = 2*x + 7*w - 36096, 4*x - 35796 = 2*w + 36428. List the prime factors of x.
5, 23, 157
Let b(g) = -18*g + 91. Let w be b(5). What are the prime factors of (24/(-12))/(2/(-1226)*w)?
2, 613
Suppose 7*s - 4*s = 5*m + 10, -s + m = -2. Suppose 14*g - 10*g = s. Suppose -4*b + 652 = -g*b. List the prime factors of b.
163
Suppose 7 = 2*b + 3. Suppose -3*a - b*a = 5*a. Suppose 3*j - 2*r - 601 = 0, a = -0*j + 5*j - r - 990. What are the prime factors of j?
197
Let d(q) = -q**2 + 7*q - 6. Let m be d(5). Let s = 4892 + -2210. What are the prime factors of s/30 - m/10?
89
Suppose -4*z - 3*z + 28 = 0. Suppose 0 = -3*v - 4*c, 0 = -0*v + z*v + 2*c. Suppose 3*j - 2 - 58 = v. List the prime factors of j.
2, 5
What are the prime factors of -3*((-1179)/2)/((-22)/(-44))?
3, 131
Suppose 34*s = 21*s + 6162. Suppose -11*n + s = -9*n. What are the prime factors of n?
3, 79
Let h = 466 + -1053. Let u = h - -1785. List the prime factors of u.
2, 599
Let l = 24 + -22. Suppose g + l*g = 342. List the prime factors of g.
2, 3, 19
Suppose -2*x - 5*q - 1696 = 0, 3*x - 848 = 4*x + 3*q. Let k = -428 - x. Suppose -2*g + k = g. List the prime factors of g.
2, 5, 7
Suppose 3*j - 45 = -10*f + 5*f, 15 = 5*f - 3*j. What are the prime factors of 9/f*1130/15?
113
Suppose 2*y = -5*m + 31 - 11, 5*y = -2*m + 8. Suppose 5*i - 6612 = 13*h - 14*h, 4*i - 2*h - 5284 = y. List the prime factors of i.
2, 661
Suppose 194*k + 92895 = 209*k. List the prime factors of k.
11, 563
List the prime factors of ((-32)/6*273/182 - -95243) + 2.
131, 727
What are the prime factors of -6*(-15)/240 + 2 + 405/8?
53
Let w(i) = -6*i - 15*i + 0 - 6 - 10*i**2 - i**3 + 2. Let g be w(-9). Let a = g + -44. What are the prime factors of a?
2, 3, 5
Let v be 2/8*(-13 + 13). What are the prime factors of 18*(58 + v)/(36/12)?
2, 3, 29
Let z be 63/84*-1*-1*4. Let j be ((-3 + 3)/z)/2. Suppose -h + 4*f + 262 = j, 1007 = 3*h - f + 243. What are the prime factors of h?
2, 127
Let x be 23/3*1*30. Suppose 16*f + 81 = 43*f. Suppose -5*q - 67 = -v, v + f*v - q = x. List the prime factors of v.
3, 19
Suppose 7*z + 18 = -3. Let f be (-7 - -6)/(z/9). Suppose -5*o = 4*h - 203, -h - h = -f*o - 85. List the prime factors of h.
47
Suppose 2*b + 12 = 3*f - 16, -5*b - 25 = -3*f. List the prime factors of (3372/12 - 9)/(4/f).
2, 5, 17
Let q = 5144 - 5137. Let y be (-4)/10 + (-51)/(-15). Suppose -4*d + q*d + y*t - 600 = 0, 594 = 3*d + t. List